3 a multiple of 37?
False
Is 8 a factor of 2381699728?
True
Is 272553671 a multiple of 9?
False
Is 63982910 a multiple of 56?
False
Is 373 a factor of 1170255353?
False
Does 230 divide 115805955?
False
Is 55 a factor of 1570764?
False
Does 321 divide 32707193?
False
Is 406 a factor of 61437157?
False
Is 2787981182 a multiple of 14?
True
Does 15 divide 22665885?
True
Is 964 a factor of 16101692?
True
Is 37559202 a multiple of 462?
False
Does 170 divide 13464340?
True
Is 22642452 a multiple of 342?
True
Is 79447452 a multiple of 2838?
False
Does 534 divide 56322582?
True
Is 41 a factor of 70733224?
False
Does 95 divide 147970652?
False
Is 372 a factor of 596955096?
True
Is 68 a factor of 99782366?
False
Is 186097716 a multiple of 111?
True
Is 72923397 a multiple of 542?
False
Is 646 a factor of 2607446386?
False
Is 46478665 a multiple of 379?
True
Is 49 a factor of 378901957?
True
Is 2134 a factor of 11803154?
True
Is 153 a factor of 273760625?
False
Does 40 divide 4332800?
True
Does 37 divide 393139800?
True
Does 6435 divide 236528220?
False
Is 267138798 a multiple of 502?
True
Is 106 a factor of 135244983?
False
Is 35038810 a multiple of 10?
True
Is 1932 a factor of 64656312?
True
Is 14883608 a multiple of 2?
True
Does 290 divide 149217180?
True
Is 89 a factor of 130601916?
False
Does 1242 divide 103515732?
True
Is 448 a factor of 129448256?
True
Is 100511157 even?
False
Is 1411 a factor of 80583237?
False
Does 21 divide 41824922?
False
Is 23 a factor of 747321497?
True
Does 7 divide 107093735?
True
Does 7 divide 7216301?
False
Is 4308494 a multiple of 155?
False
Does 143 divide 2035283982?
False
Is 1105262190 a multiple of 292?
False
Is 57 a factor of 40503273?
False
Is 191922750 a multiple of 225?
True
Is 99 a factor of 1090588356?
True
Does 39 divide 837456282?
True
Is 2 a factor of 6724461?
False
Is 174165184 a multiple of 6206?
True
Is 44 a factor of 88463930?
False
Is 296985771 a multiple of 81?
True
Is 82083743 a multiple of 24?
False
Is 774228192 a multiple of 6247?
True
Does 506 divide 4695105690?
True
Is 7331 a factor of 1391869639?
False
Is 224 a factor of 136783808?
True
Is 26973535 a multiple of 124?
False
Is 27233472 a multiple of 4416?
True
Does 60 divide 18404520?
True
Is 74 a factor of 183450357?
False
Is 672450878 a multiple of 3421?
False
Is 25 a factor of 38807075?
True
Is 592756856 a multiple of 12?
False
Is 42 a factor of 1911015314?
False
Does 197 divide 3236474388?
True
Is 421 a factor of 31928640?
True
Does 17 divide 55693258?
True
Does 177 divide 24380511?
True
Is 14500930 a multiple of 83?
True
Is 446 a factor of 818811?
False
Does 200 divide 560836919?
False
Does 11 divide 450662?
False
Is 23785534 a multiple of 17?
False
Is 2394 a factor of 637155918?
True
Does 47 divide 132833817?
False
Is 9046171 a multiple of 6?
False
Is 38188476 a multiple of 18?
True
Is 588 a factor of 2496686122?
False
Is 3 a factor of 41623823?
False
Is 157802220 a multiple of 1710?
True
Is 1792 a factor of 74760024?
False
Does 830 divide 79914701?
False
Is 890 a factor of 489331363?
False
Is 13939988 a multiple of 14?
False
Is 3092727024 a multiple of 22?
False
Is 2714047072 a multiple of 132?
False
Does 358 divide 147255428?
False
Does 182 divide 50002134?
True
Is 30202035 a multiple of 615?
True
Is 131717740 a multiple of 22?
True
Does 74 divide 5905412892?
False
Is 171237528 a multiple of 461?
True
Does 45 divide 168036885?
True
Is 20591505 a multiple of 495?
True
Does 222 divide 663293376?
True
Is 66327037 a multiple of 270?
False
Does 5 divide 26282892?
False
Is 51 a factor of 280322469?
True
Is 138 a factor of 71584050?
True
Does 5578 divide 11351066?
False
Is 816 a factor of 6113136?
False
Is 110 a factor of 48730660?
True
Is 252873516 a multiple of 28?
True
Is 448 a factor of 3339443968?
True
Is 21 a factor of 175978571?
False
Does 4 divide 42776852?
True
Does 73 divide 23498798?
False
Is 123 a factor of 2654613060?
True
Does 51 divide 42991499?
False
Does 21 divide 1189066064?
False
Does 97 divide 199077?
False
Does 117 divide 2726694711?
True
Does 5 divide 14778851?
False
Is 46 a factor of 47672882?
True
Is 35189354 a multiple of 29?
True
Does 7052 divide 261918332?
True
Is 15309457 a multiple of 134?
False
Does 3065 divide 20182555?
False
Is 31 a factor of 127416638?
False
Is 381005157 a multiple of 57?
True
Is 21977568 a multiple of 32?
True
Is 2132599338 a multiple of 256?
False
Does 396 divide 2811204?
True
Does 17 divide 66211226?
True
Is 173187660 a multiple of 20?
True
Does 18 divide 294900606?
True
Is 6870 a factor of 1397543490?
True
Is 847696696 a multiple of 44?
True
Is 446 a factor of 70669446?
False
Does 22 divide 11461142?
True
Does 421 divide 579353374?
False
Is 2 a factor of 31049134?
True
Is 45327074 a multiple of 1118?
True
Is 95038720 a multiple of 945?
False
Does 18 divide 251908471?
False
Does 64 divide 29191063?
False
Is 321279949 a multiple of 62?
False
Does 235 divide 137845498?
False
Is 10 a factor of 397684663?
False
Is 1368 a factor of 2251106928?
True
Is 1015995355 a multiple of 280?
False
Is 1440531372 a multiple of 21?
True
Is 192624785 a multiple of 230?
False
Is 187741038 a multiple of 6?
True
Does 200 divide 2790404022?
False
Does 1023 divide 7433598?
False
Is 22725806 a multiple of 911?
True
Is 545 a factor of 63347738?
False
Is 19 a factor of 9312335717?
False
Does 863 divide 41477680?
False
Is 46 a factor of 2386676?
False
Does 1203 divide 619950625?
False
Is 43427069 a multiple of 938?
False
Does 93 divide 265940545?
False
Does 21 divide 130956798?
True
Is 72 a factor of 151001933?
False
Is 3883 a factor of 36878200?
False
Is 2901 a factor of 11247405?
False
Is 1621806347 a multiple of 1769?
False
Is 78 a factor of 81658945?
False
Does 6 divide 22029504?
True
Is 24271823 a multiple of 43?
True
Is 609690896 a multiple of 59?
True
Is 202050937 a multiple of 3598?
False
Does 12 divide 32828904?
True
Does 18 divide 53944020?
True
Is 41 a factor of 25967029?
False
Does 368 divide 52272109?
False
Is 181993020 a multiple of 76?
True
Is 75356144 a multiple of 16?
True
Does 94 divide 32370404?
True
Is 53 a factor of 590326638?
False
Does 1263 divide 220589265?
True
Is 129 a factor of 15079971?
True
Is 43 a factor of 140407663?
False
Does 440 divide 4561040?
True
Is 35224238 a multiple of 686?
False
Is 3345665784 a multiple of 13512?
True
Does 510 divide 327261900?
True
Is 737 a factor of 68338325?
True
Is 250 a factor of 14145750?
True
Is 306 a factor of 518970302?
False
Is 84 a factor of 7014336?
True
Does 53 divide 11609329?
False
Does 48 divide 722147376?
True
Is 9208680 a multiple of 104?
True
Does 18 divide 35480975?
False
Is 2461608560 a multiple of 4871?
True
Is 557 a factor of 1161658034?
True
Is 269 a factor of 1994926058?
True
Does 1437 divide 74019870?
True
Is 447 a factor of 16425015?
True
Does 250 divide 52073227?
False
Does 310 divide 952467475?
False
Is 4912105 a multiple of 6?
False
Is 317 a factor of 1401783?
False
Does 39 divide 10805340?
True
Does 29 divide 1550097993?
False
Does 13 divide 30955626?
True
Is 855340182 a multiple of 954?
True
Is 5 a factor of 81119440?
True
Does 932 divide 84860797?
False
Does 278 divide 145204960?
True
Does 6 divide 9273834?
True
Is 548 a factor of 164598376?
True
Is 1942097385 a multiple of 4955?
True
Does 261 divide 1564461702?
False
Does 16 divide 373503216?
True
Does 447 divide 176287246?
False
Is 63 a factor of 8259727077?
True
Does 273 divide 77148435?
True
Does 8 divide 273594744?
True
Is 238334173 a multiple of 75?
False
Is 2958776368 a multiple of 1121?
True
Does 21 divide 347983587?
True
Is 2 a factor of 297686135?
False
Does 2244 divide 57390028?
False
Is 21 a factor of 13962018?
True
Is 874 a factor of 3659330?
False
Is 933 a factor of 324323958?
False
Is 2461 a factor of 114407922?
False
Is 48834226 a multiple of 14?
True
Is 20841839 a multiple of 21?
False
Does 27 divide 105310908?
True
Is 21 a factor of 103896702?
True
Is 27688086 a multiple of 2755?
False
Is 91380122 a multiple of 19?
False
Is 8459320 a multiple of 20?
True
Does 166 divide 214587144?
False
Is 6442436628 a multiple of 14?
False
Is 1233 a factor of 20283317?
False
Is 380741234 a multiple of 23?
False
Does 1760 divide 361282240?
True
Is 25 a factor of 554250200?
True
